 26 = -5*a + c. Let l(x) = x**3 + 4*x**2 - 2*x - 1. Calculate l(a).
-16
Let p(j) = -j**3 + 18*j**2 + 41*j - 25. Let x be p(20). Let d(g) = -6*g**2 - 9*g + 3. Let v(n) = -n**2 - 3*n + 1. Let f(z) = x*v(z) + d(z). What is f(6)?
-2
Suppose 13*l - 11 = h + 11*l, 4*l = 3*h + 27. Suppose -4*m - 2 = -18. Let g(u) = m*u - 2 + 2*u + u**2 - 2*u. Determine g(h).
3
Let h = 2136 + -2133. Let l(m) = 30*m - 6. Give l(h).
84
Let s(t) = 3*t**3 - 5*t**2 + t + 3. Let p(v) = 4*v**3 - 6*v**2 + v + 4. Let a be 34*5/(-10) - 1. Let f be ((-2)/3)/(3/a). Let i(n) = f*p(n) - 5*s(n). Give i(0).
1
Let k(w) = -92*w**3 - 19*w + 37*w**3 + 54*w**3 - 13 - 11*w + 11*w**2. Give k(5).
-13
Let o(c) = c**3 - 9*c**2 + 7*c + 10. Let h be ((-9)/(-24))/1 + (-90)/240. Suppose -10*x + 37 + 43 = h. Give o(x).
2
Let o(v) be the first derivative of -v**3/3 - 2*v**2 - 3*v + 143. Let d(t) = t - 3. Let q be d(5). Suppose -2*i - 6 = w, -4*i + i + 4*w + q = 0. Calculate o(i).
1
Let k = 4 + 14. Suppose -13*n + k*n - 75 = 0. Let m(s) = n*s**2 + 0*s + 9*s**3 - 16*s**2 - 1 - 3*s + 4*s. Determine m(1).
8
Let s = -16113 - -16114. Let l(y) = 39*y + 4. Calculate l(s).
43
Let x(o) = 6*o - 2. Let m be 190 + (0/(-7))/(2 + -1). Suppose -3*a + 208 = m. What is x(a)?
34
Let v(o) = -6*o - 1. Let f(q) be the first derivative of -q**2/2 + 19*q + 16. Let c be f(16). Let l be c*((-3)/(-6))/(2/(-4)). Determine v(l).
17
Let v(g) = 0*g + g - 13 + 0 - 6. Suppose -7*y = -78 + 78. Calculate v(y).
-19
Let d(o) be the first derivative of o**4/4 + 23*o**3/3 + 11*o**2 + 9*o + 5291. Calculate d(-22).
9
Let h(s) = s**2 - 7*s + 3. Let z(y) = 4*y**2 + 15*y. Let o be z(-4). Suppose -16 = o*n - 8. Let t be 24/8*(n - 22/(-6)). What is h(t)?
-7
Let q(k) = 2*k - 8. Suppose -5*x + 2*z = -458, -4*z - 21 = -x + 85. Let t = 94 - x. Suppose t + 38 = 7*a. Determine q(a).
4
Let k(q) be the third derivative of q**4/6 - q**3/3 + 42*q**2 + 7. Determine k(1).
2
Let p(b) = 3*b**3 + 14*b**2 - 8*b + 7. Let g(a) = 7*a**3 + 32*a**2 - 17*a + 15. Let s(q) = 2*g(q) - 5*p(q). Let m be -3 - (4 + -6 - -6). Calculate s(m).
2
Let c(a) = -a**2 + 2*a + 7. Let r(q) = q**3 - 7*q**2 - 6*q - 11. Let u be (-1 + -3)*(-10 + 11). Let k be (7 - (0 - u)) + (5 - 0). Let v be r(k). Calculate c(v).
-8
Let x(m) = -7*m + 12. Let z be x(-3). Let t(j) = 12*j + 11*j + 13*j - z*j + 1. Calculate t(2).
7
Let m(g) be the first derivative of -g**4/4 - 4*g**3/3 + g**2 - g - 1. Suppose 4*p = -4*o - 32, -20*p + 36 = -5*o - 24*p. Determine m(o).
-9
Let i(l) = 14*l - 5. Let y(j) = -9*j + 3. Let r(n) = 5*i(n) + 8*y(n). Let b be (-10 + (-168)/(-16))/((-1)/(-6)). Calculate r(b).
-7
Let p(i) = -i**3 + 8*i**2 - 3*i + 32. Suppose n - 2 = c, -2*n - 21*c - 8 = -25*c. Determine p(n).
8
Let r(n) = -7*n - 21. Let w(j) = -8*j - 22. Let g(d) = -6*r(d) + 5*w(d). Let h be 0/(-1) - (-38 + 184/4). What is g(h)?
0
Let u(g) = 2*g - g + 7 - 4 + 6 - 10. What is u(-1)?
-2
Let i = 137 - 127. Let n(o) = -4*o + 1 - 9 + 7*o + i + 2. What is n(-5)?
-11
Let t(a) = -8*a**3 + 25*a**2 - 12*a + 4. Let h be t(2). Let r(q) = 4*q - 76. Give r(h).
-12
Let v(f) be the second derivative of 1/12*f**4 + f**2 - 6 + 4/3*f**3 + 3*f. What is v(-6)?
-10
Let i(y) be the second derivative of y**6/120 - y**5/12 - y**4/4 - 4*y**3/3 - 19*y**2/2 + 30*y. Let w(k) be the first derivative of i(k). Determine w(6).
-8
Let q(g) = 82*g**3 - 4*g**2 - 27*g**3 - 34*g**3 - 1 + 4*g. Determine q(1).
20
Let x(p) = -p**2 + 3*p + 16. Let d be (-962)/(-12) - 52/312. Suppose -2*w = -18*w + d. What is x(w)?
6
Let d(f) = 2*f**2 - 4*f + 3. Suppose 4*c = 5*c + 4. Let o(t) = -4*t - 14. Let v be o(c). What is d(v)?
3
Let o(j) be the second derivative of 1/12*j**4 + 59*j + 2 + 5/2*j**2 + 3/2*j**3. Let x be 1 - -1 - (11 - 1). Calculate o(x).
-3
Let n(b) = 19 - 113030*b + 113122*b + 439. Calculate n(-5).
-2
Let x(l) = -l**2 - 5*l. Let t = -112 - -181. Let k = 96 - t. Suppose -2*m + 4*m = s - 13, -3*m - k = -3*s. Calculate x(m).
4
Let q(d) = -d - 5. Let g(c) = -8*c**2 - 2*c. Suppose -4*h = -2*h - 2. Let x be g(h). Let w be q(x). Let b(p) = p - 1. What is b(w)?
4
Let j be (-7)/2 + (147/14 - 11). Let k be 20/5*(-3)/(-6)*j. Let b(d) = d - 5. Give b(k).
-13
Let c(j) = 6*j**2 - 5*j + 4. Let b(y) = 7*y**2 + 3 + 41 - 41 - 4*y. Let a(r) = 4*r - 1. Let x be a(-1). Let i(u) = x*b(u) + 4*c(u). What is i(-1)?
-10
Let m be 475/(-40) + (9/8)/(-9). Let p(x) = -x**2 - 10*x + 19. Calculate p(m).
-5
Let v(a) = 11*a**2 + 79*a + 163. Let h(b) = -4*b**2 - 25*b - 54. Let n(i) = 8*h(i) + 3*v(i). Determine n(-35).
-13
Let i(d) = -7*d**2 - 28*d - 51. Let s(t) = 6*t**2 + 27*t + 50. Let z(j) = -5*i(j) - 6*s(j). Let k be z(-6). Let n(r) = -k*r + 2 - 58*r + 110*r. Calculate n(9).
11
Suppose 0 = -563*k - 7774 + 1018. Let o(i) = 13*i**2 + 153*i - 29. What is o(k)?
7
Let y(g) = -12*g + 207. Let u be 5 + (3 + 0 - 1*126/(-14)). Calculate y(u).
3
Let r = 140 + -8. Let b be r/10 - ((-32)/(-10) + -3). Let g = b + -17. Let z(w) = w**2 + 3*w - 3. What is z(g)?
1
Let h(i) = -5 + 143*i + 229*i - 384*i. Calculate h(-5).
55
Let w(g) = 2*g**3 - 12*g**2 + 7*g + 25. Let t be 13/((-1001)/22) - (-370)/70. Determine w(t).
10
Let z(s) be the second derivative of -11/2*s**2 + 5*s + 3 + 1/6*s**3 + 1/12*s**4. Give z(0).
-11
Let v(c) be the second derivative of -55 + 1/2*c**3 - 1/12*c**4 + 7*c**2 + c. What is v(6)?
-4
Let u(t) = 32 - 2*t + t + 0*t. Suppose 10 = 4*k + 5*r, 15*r + 2 = 5*k + 16*r. Determine u(k).
32
Let b(t) = t**2 + t - 9. Let f be b(3). Suppose j = f*r + 2, -2*r - 3*r = 5*j - 10. Let m(i) = i + 4*i**2 + 2 - 7 + i**3 + 3 - j*i**3. Calculate m(4).
2
Suppose 78 = 3*h - 3*x, 93*h - 62 = 90*h - 5*x. Suppose 261*v = 255*v + h. Let l(f) = f**2 - 3*f + 5. Calculate l(v).
9
Let o = 288 + -135. Let k(h) = -160*h + 312*h - 2 - 6 - o*h. Determine k(-12).
4
Let b(s) be the second derivative of 113*s**3/6 + 345*s**2/2 - 12967*s. Give b(-3).
6
Let u(l) be the first derivative of 2*l**3/3 + l**2 - 4*l + 1922. Suppose -3*q - 2*q = 0. Suppose q*n + 12 = -4*n. What is u(n)?
8
Suppose 183 - 175 = -4*z. Let t(l) = 3*l**2 + 11*l - 1. What is t(z)?
-11
Let l(v) be the first derivative of 3*v**4/4 - 2*v**3/3 - 7*v**2/2 - v + 148. Calculate l(3).
41
Let w(x) = 2*x - 7. Let h(d) be the first derivative of 5*d**2/2 + 19*d + 29. Let a be h(-7). Let g be (a - -4)/(2/1). Determine w(g).
-19
Let a(z) be the second derivative of -z**3/6 - 9*z**2/2 - z - 339. What is a(3)?
-12
Let i(y) = -14*y**2 + 15*y - 12. Let s(b) = 18*b**2 - 19*b + 13. Let j(k) = -4*i(k) - 3*s(k). Give j(4).
29
Suppose 0 = 13*w + 24 - 115. Let f(u) = 18*u - 20*u - w - 6 - 2. Calculate f(0).
-15
Let d be 24/(-4) + 8 + 9. Let n(p) = p**2 - 127 + d*p + 256 - 125. Give n(-10).
-6
Let r(c) be the third derivative of 5*c**4/12 - 37*c**3/6 + 2*c**2 + 5607*c - 1. Determine r(3).
-7
Let b(r) = 3*r**2 + 28*r + 7. Suppose 8*o + 22 + 40 = 5*j, 2*j = -4*o - 40. Give b(o).
-2
Let w(g) = g**3 + 31*g**2 - g - 41. Let j be w(-31). Let r(m) be the third derivative of -m**5/60 - 3*m**4/8 + 2*m**3 + 11*m**2. Give r(j).
2
Let p(w) = w**3 - 7*w**2 - 2*w + 5. Let k be -36*(1001/(-66) + 15). Calculate p(k).
-43
Suppose 0 = 11*f - 7*f - 12, 5*f = -3*q + 66. Let a(w) = -6*w + 92. Give a(q).
-10
Let q(w) be the third derivative of -w**7/2520 - w**6/240 + 7*w**5/120 - 59*w**4/6 - 64*w**2 - 2*w. Let b(r) be the second derivative of q(r). Give b(-5).
-3
Let a(f) = -f**3 - 25*f**2 - 24*f - 10. Let z be (-3216)/335*5/2. Give a(z).
-10
Let l(p) = -p - 13. Suppose -192 = g - 189. Let f be 0/(g/((-6)/2)). What is l(f)?
-13
Let a(o) = o**3 - 3*o**2 - 4*o - 7. Let d = 17961 - 17964. Give a(d).
-49
Let k(b) = 14 - 6*b**2 + 17*b**3 + 18*b - 3*b**3 - 6*b**3 - 13*b - 9*b**3. Determine k(-7).
28
Let w(t) be the third derivative of -3*t**4/4 + 17*t**3/6 - 1841*t**2. Determine w(-3).
71
Let o(f) = 21*f - 2. Let k(j) = -141*j + 15. Let r(n) = -4*k(n) - 27*o(n). Determine r(6).
-24
Let u(x) = x + 1. Let b = -9 - -5. Let d(c) be the first derivative of -c**3/3 + 18*c - 80. Let z be d(b). Determine u(z).
3
Let t(y) = y**2 + 0*y**2 - 4493451*y + 2 + 4493458*y. Suppose -l + 3*l = -12. Determine t(l).
-4
Suppose 3*w + 60 = -2*s, -73 = 5*w + 3*s + 27. Let t be (-9)/(-18)*(-5)/(w/(-48)). Let x(d) = -d**2 + 10 - 10 - 8*d. Determine x(t).
12
Let f = -1567 + 1562. Let d(h) = -h**2 + 3*h - 1. Let l(o) = o**2 - 4